{"id":2162,"date":"2016-02-23T08:24:29","date_gmt":"2016-02-23T08:24:29","guid":{"rendered":"http:\/\/wordpress.templaza.net\/xml\/interiart\/?page_id=2162"},"modified":"2020-08-25T10:50:04","modified_gmt":"2020-08-25T08:50:04","slug":"das-buero","status":"publish","type":"page","link":"https:\/\/www.architektur-energie-ulm.de\/index.php\/das-buero\/","title":{"rendered":"DAS B\u00dcRO"},"content":{"rendered":"<p>[vc_row][vc_column]<header class=\"tz-header tz-header-type-5\">\n\n    \n    \n    <div class=\"tz-headerBottom tz-max-mega-menu\">\n                <div class=\"container\">\n            \n                                    <a class=\"pull-left tz_logo\" href=\"https:\/\/www.architektur-energie-ulm.de\" title=\"Architektur &#8211; Energie &#8211; Ulm &#8211; Giglmaier\" >\n                plazart            <\/a>\n                        \n                        <div class=\"tz-header-search pull-right\">\n                <span aria-hidden='true' class='icon_search tz_icon_search'><\/span>\n                <span aria-hidden='true' class='icon_close tz_icon_close'><\/span>\n                <div class=\"tz-header-search-form\">\n                        <form method=\"get\" class=\"searchform\" action=\"https:\/\/www.architektur-energie-ulm.de\/\">\n        <label class=\"icon-search\">&nbsp;<\/label>\n        <label class=\"assistive-text assistive-tzsearch\">Search<\/label>\n        <input type=\"text\" class=\"field Tzsearchform inputbox search-query\" name=\"s\" placeholder=\"Search...\" \/>\n        <input type=\"submit\" class=\"submit searchsubmit\" name=\"submit\" value=\"Search\" \/>\n        <span aria-hidden='true' class='icon_search'><\/span>\n    <\/form>\n                <\/div>\n            <\/div>\n                        <button type=\"button\" class=\"navbar-toggle collapsed\" data-toggle=\"collapse\" data-target=\"#tz-navbar-collapse\">\n                <i class=\"fa fa-bars\"><\/i>\n            <\/button>\n\n            <nav class=\"pull-right\">\n                <div id=\"mega-menu-wrap-primary\" class=\"mega-menu-wrap\"><div class=\"mega-menu-toggle\"><div class=\"mega-toggle-blocks-left\"><\/div><div class=\"mega-toggle-blocks-center\"><\/div><div class=\"mega-toggle-blocks-right\"><div class='mega-toggle-block mega-menu-toggle-block mega-toggle-block-1' id='mega-toggle-block-1' tabindex='0'><span class='mega-toggle-label' role='button' aria-expanded='false'><span class='mega-toggle-label-closed'>MENU<\/span><span class='mega-toggle-label-open'>MENU<\/span><\/span><\/div><\/div><\/div><ul id=\"mega-menu-primary\" class=\"mega-menu max-mega-menu mega-menu-horizontal mega-no-js\" data-event=\"hover_intent\" data-effect=\"fade\" data-effect-speed=\"200\" data-effect-mobile=\"disabled\" data-effect-speed-mobile=\"0\" data-panel-width=\".container\" data-mobile-force-width=\"false\" data-second-click=\"close\" data-document-click=\"collapse\" data-vertical-behaviour=\"standard\" data-breakpoint=\"992\" data-unbind=\"true\" data-hover-intent-timeout=\"300\" data-hover-intent-interval=\"100\"><li class='mega-menu-item mega-menu-item-type-post_type mega-menu-item-object-page mega-menu-item-home mega-align-bottom-left mega-menu-flyout mega-menu-item-3543' id='mega-menu-item-3543'><a class=\"mega-menu-link\" href=\"https:\/\/www.architektur-energie-ulm.de\/\" tabindex=\"0\">Startseite<\/a><\/li><li class='mega-menu-item mega-menu-item-type-post_type mega-menu-item-object-page mega-align-bottom-left mega-menu-flyout mega-menu-item-3542' id='mega-menu-item-3542'><a class=\"mega-menu-link\" href=\"https:\/\/www.architektur-energie-ulm.de\/index.php\/leistungen\/\" tabindex=\"0\">Leistungen<\/a><\/li><li class='mega-menu-item mega-menu-item-type-post_type mega-menu-item-object-page mega-align-bottom-left mega-menu-flyout mega-menu-item-3544' id='mega-menu-item-3544'><a class=\"mega-menu-link\" href=\"https:\/\/www.architektur-energie-ulm.de\/index.php\/projekte\/\" tabindex=\"0\">Projekte<\/a><\/li><li class='mega-menu-item mega-menu-item-type-post_type mega-menu-item-object-page mega-align-bottom-left mega-menu-flyout mega-menu-item-3541' id='mega-menu-item-3541'><a class=\"mega-menu-link\" href=\"https:\/\/www.architektur-energie-ulm.de\/index.php\/das-buero\/\" tabindex=\"0\">Das B\u00fcro<\/a><\/li><li class='mega-menu-item mega-menu-item-type-post_type mega-menu-item-object-page mega-align-bottom-left mega-menu-flyout mega-menu-item-3540' id='mega-menu-item-3540'><a class=\"mega-menu-link\" href=\"https:\/\/www.architektur-energie-ulm.de\/index.php\/kontakt\/\" tabindex=\"0\">Kontakt<\/a><\/li><\/ul><\/div>            <\/nav>\n            \n                            <\/div><!--end class container-->\n        <\/div>\n\n    <\/header>\n    <div class=\"tz-header tz-header-type-5 scroll\">\n        <div class=\"tz-headerBottom tz-max-mega-menu\">\n                        <div class=\"container\">\n                \n                                                                <a class=\"pull-left tz_logo\" href=\"https:\/\/www.architektur-energie-ulm.de\" title=\"Architektur &#8211; Energie &#8211; Ulm &#8211; Giglmaier\" >\n                            plazart                        <\/a>\n                                                                        <div class=\"tz-header-search pull-right\">\n                            <span aria-hidden='true' class='icon_search tz_icon_search'><\/span>\n                            <span aria-hidden='true' class='icon_close tz_icon_close'><\/span>\n                            <div class=\"tz-header-search-form\">\n                                    <form method=\"get\" class=\"searchform\" action=\"https:\/\/www.architektur-energie-ulm.de\/\">\n        <label class=\"icon-search\">&nbsp;<\/label>\n        <label class=\"assistive-text assistive-tzsearch\">Search<\/label>\n        <input type=\"text\" class=\"field Tzsearchform inputbox search-query\" name=\"s\" placeholder=\"Search...\" \/>\n        <input type=\"submit\" class=\"submit searchsubmit\" name=\"submit\" value=\"Search\" \/>\n        <span aria-hidden='true' class='icon_search'><\/span>\n    <\/form>\n                            <\/div>\n                        <\/div>\n\n                        <button type=\"button\" class=\"navbar-toggle collapsed\" data-toggle=\"collapse\" data-target=\"#tz-navbar-collapse\">\n                            <i class=\"fa fa-bars\"><\/i>\n                        <\/button>\n\n                        <nav class=\"pull-right\">\n                            <div id=\"mega-menu-wrap-primary\" class=\"mega-menu-wrap\"><div class=\"mega-menu-toggle\"><div class=\"mega-toggle-blocks-left\"><\/div><div class=\"mega-toggle-blocks-center\"><\/div><div class=\"mega-toggle-blocks-right\"><div class='mega-toggle-block mega-menu-toggle-block mega-toggle-block-1' id='mega-toggle-block-1' tabindex='0'><span class='mega-toggle-label' role='button' aria-expanded='false'><span class='mega-toggle-label-closed'>MENU<\/span><span class='mega-toggle-label-open'>MENU<\/span><\/span><\/div><\/div><\/div><ul id=\"mega-menu-primary\" class=\"mega-menu max-mega-menu mega-menu-horizontal mega-no-js\" data-event=\"hover_intent\" data-effect=\"fade\" data-effect-speed=\"200\" data-effect-mobile=\"disabled\" data-effect-speed-mobile=\"0\" data-panel-width=\".container\" data-mobile-force-width=\"false\" data-second-click=\"close\" data-document-click=\"collapse\" data-vertical-behaviour=\"standard\" data-breakpoint=\"992\" data-unbind=\"true\" data-hover-intent-timeout=\"300\" data-hover-intent-interval=\"100\"><li class='mega-menu-item mega-menu-item-type-post_type mega-menu-item-object-page mega-menu-item-home mega-align-bottom-left mega-menu-flyout mega-menu-item-3543' id='mega-menu-item-3543'><a class=\"mega-menu-link\" href=\"https:\/\/www.architektur-energie-ulm.de\/\" tabindex=\"0\">Startseite<\/a><\/li><li class='mega-menu-item mega-menu-item-type-post_type mega-menu-item-object-page mega-align-bottom-left mega-menu-flyout mega-menu-item-3542' id='mega-menu-item-3542'><a class=\"mega-menu-link\" href=\"https:\/\/www.architektur-energie-ulm.de\/index.php\/leistungen\/\" tabindex=\"0\">Leistungen<\/a><\/li><li class='mega-menu-item mega-menu-item-type-post_type mega-menu-item-object-page mega-align-bottom-left mega-menu-flyout mega-menu-item-3544' id='mega-menu-item-3544'><a class=\"mega-menu-link\" href=\"https:\/\/www.architektur-energie-ulm.de\/index.php\/projekte\/\" tabindex=\"0\">Projekte<\/a><\/li><li class='mega-menu-item mega-menu-item-type-post_type mega-menu-item-object-page mega-align-bottom-left mega-menu-flyout mega-menu-item-3541' id='mega-menu-item-3541'><a class=\"mega-menu-link\" href=\"https:\/\/www.architektur-energie-ulm.de\/index.php\/das-buero\/\" tabindex=\"0\">Das B\u00fcro<\/a><\/li><li class='mega-menu-item mega-menu-item-type-post_type mega-menu-item-object-page mega-align-bottom-left mega-menu-flyout mega-menu-item-3540' id='mega-menu-item-3540'><a class=\"mega-menu-link\" href=\"https:\/\/www.architektur-energie-ulm.de\/index.php\/kontakt\/\" tabindex=\"0\">Kontakt<\/a><\/li><\/ul><\/div>                        <\/nav>\n                        \n                                                    <\/div><!--end class container-->\n                <\/div>\n    <\/div>\n    [\/vc_column][\/vc_row][vc_row parallax=&#8221;content-moving&#8221; parallax_image=&#8221;3632&#8243; tz_row_type=&#8221;grid&#8221; tz_pattern=&#8221;1&#8243; css=&#8221;.vc_custom_1581000001262{padding-top: 140px !important;padding-bottom: 510px !important;background-color: rgba(0,0,0,0.7) !important;*background-color: rgb(0,0,0) !important;}&#8221;][vc_column][vc_column_text]<\/p>\n<h3 style=\"margin-bottom: 22px;\"><span style=\"font-size: 30px;\"><span style=\"color: #ffffff;\"><strong>Unser B\u00fcro \/ \u00dcber uns<\/strong><\/span><br \/>\n<\/span><\/h3>\n<p><span style=\"color: #ffffff;\">Erfahren Sie auf dieser Seite mehr zu den Personen hinter dem B\u00fcro und zu der Art unserer Arbeit.<\/span>[\/vc_column_text][\/vc_column][\/vc_row][vc_row tz_row_type=&#8221;grid&#8221; css=&#8221;.vc_custom_1456218554489{background-color: #fafafa !important;}&#8221;][vc_column css=&#8221;.vc_custom_1456282814482{margin-top: -446px !important;}&#8221; el_class=&#8221;tz-box-shadow&#8221;][vc_column_text css=&#8221;.vc_custom_1598345400993{padding-top: 30px !important;padding-right: 30px !important;padding-bottom: 80px !important;padding-left: 30px !important;background-color: #ffffff !important;}&#8221;]<\/p>\n<p align=\"left\"><span style=\"font-size: large;\">Das B\u00fcro<\/span><\/p>\n<p align=\"left\">Das B\u00fcro hat seinen Sitz in Neu-Ulm Stadtmitte, sowie in Blaustein (Lautern) bei Ulm.<\/p>\n<p align=\"left\">Der B\u00fcroinhaber ist seit 30 Jahren als Architekt in allen Leistungsphasen des Bauen t\u00e4tig.<\/p>\n<p align=\"left\">Erfahrungen liegen vor in den Bereichen<a href=\"http:\/\/giglmaier.gsmb-consulting.com\/wp-content\/uploads\/2020\/02\/pasted-image-0-28.png\"><img loading=\"lazy\" class=\"wp-image-3660 alignright\" src=\"http:\/\/giglmaier.gsmb-consulting.com\/wp-content\/uploads\/2020\/02\/pasted-image-0-28.png\" alt=\"\" width=\"269\" height=\"298\" \/><\/a><\/p>\n<ul>\n<li>\n<p align=\"left\">Wohnungsbau vom Einfamilienhaus bis zu Wohnanlagen<\/p>\n<\/li>\n<li>\n<p align=\"left\">Verwaltungs,- und B\u00fcrogeb\u00e4ude-<\/p>\n<\/li>\n<li>\n<p align=\"left\">Industriebau<\/p>\n<\/li>\n<li>\n<p align=\"left\">Handel<\/p>\n<\/li>\n<li>\n<p align=\"left\">Gewerbebau<\/p>\n<\/li>\n<li>\n<p align=\"left\">\u00f6ffentliche Geb\u00e4ude<\/p>\n<\/li>\n<li>\n<p align=\"left\">Sanierungsaufgaben in den genannten Bereichen<\/p>\n<\/li>\n<\/ul>\n<p align=\"left\">Der B\u00fcroinhaber ist Herr Dipl.-Ing, Architekt Michael Giglmaier aus Neu- Ulm<\/p>\n<p align=\"left\">Wenn wir ihre Planung und Ausf\u00fchrung \u00fcbernehmen, erhalten Sie auf Wunsch mehr als die \u00fcblichen Architektenleistungen :<\/p>\n<ul>\n<li>\n<p align=\"left\">Entwicklung ganzheitlicher Ans\u00e4tze der Energieversorgung<\/p>\n<\/li>\n<li>\n<p align=\"left\">Ber\u00fccksichtigung des Lebenszyklus eines Geb\u00e4udes<\/p>\n<\/li>\n<li>\n<p align=\"left\">Fundierte Beratung bei der Auswahl der Baustoffe<\/p>\n<\/li>\n<li>\n<p align=\"left\">Analysen \u00fcber die Nachhaltigkeit des Geb\u00e4udes<\/p>\n<\/li>\n<li>\n<p align=\"left\">Hilfe bei der Antragstellung f\u00fcr kfW-Kredite und bafa-F\u00f6rderungen.<\/p>\n<\/li>\n<\/ul>\n<div class=\"n module-type-text diyfeLiveArea \">\n<p>&nbsp;<\/p>\n<\/div>\n<div class=\"n module-type-text diyfeLiveArea \">\n<p><strong>Sie m\u00f6chten unsere\u00a0Arbeitsweise gerne besser kennenlernen?<\/strong><\/p>\n<p>Treten Sie mit uns in Kontakt unter 0731.9775891.<\/p>\n<\/div>\n<p>[\/vc_column_text][\/vc_column][\/vc_row]<\/p>\n","protected":false},"excerpt":{"rendered":"<p>[vc_row][vc_column][\/vc_column][\/vc_row][vc_row parallax=&#8221;content-moving&#8221; parallax_image=&#8221;3632&#8243; tz_row_type=&#8221;grid&#8221; tz_pattern=&#8221;1&#8243; css=&#8221;.vc_custom_1581000001262{padding-top: 140px !important;padding-bottom: 510px !important;background-color: rgba(0,0,0,0.7) !important;*background-color: rgb(0,0,0) !important;}&#8221;][vc_column][vc_column_text] Unser B\u00fcro \/ \u00dcber uns Erfahren Sie auf dieser Seite mehr zu den Personen hinter dem B\u00fcro und zu der Art unserer Arbeit.[\/vc_column_text][\/vc_column][\/vc_row][vc_row tz_row_type=&#8221;grid&#8221; css=&#8221;.vc_custom_1456218554489{background-color: #fafafa !important;}&#8221;][vc_column css=&#8221;.vc_custom_1456282814482{margin-top: -446px !important;}&#8221; el_class=&#8221;tz-box-shadow&#8221;][vc_column_text css=&#8221;.vc_custom_1598345400993{padding-top: 30px !important;padding-right: 30px !important;padding-bottom: 80px !important;padding-left: 30px !important;background-color: #ffffff [&hellip;]<\/p>\n","protected":false},"author":1,"featured_media":0,"parent":0,"menu_order":0,"comment_status":"closed","ping_status":"closed","template":"template-homepage.php","meta":[],"_links":{"self":[{"href":"https:\/\/www.architektur-energie-ulm.de\/index.php\/wp-json\/wp\/v2\/pages\/2162"}],"collection":[{"href":"https:\/\/www.architektur-energie-ulm.de\/index.php\/wp-json\/wp\/v2\/pages"}],"about":[{"href":"https:\/\/www.architektur-energie-ulm.de\/index.php\/wp-json\/wp\/v2\/types\/page"}],"author":[{"embeddable":true,"href":"https:\/\/www.architektur-energie-ulm.de\/index.php\/wp-json\/wp\/v2\/users\/1"}],"replies":[{"embeddable":true,"href":"https:\/\/www.architektur-energie-ulm.de\/index.php\/wp-json\/wp\/v2\/comments?post=2162"}],"version-history":[{"count":10,"href":"https:\/\/www.architektur-energie-ulm.de\/index.php\/wp-json\/wp\/v2\/pages\/2162\/revisions"}],"predecessor-version":[{"id":3721,"href":"https:\/\/www.architektur-energie-ulm.de\/index.php\/wp-json\/wp\/v2\/pages\/2162\/revisions\/3721"}],"wp:attachment":[{"href":"https:\/\/www.architektur-energie-ulm.de\/index.php\/wp-json\/wp\/v2\/media?parent=2162"}],"curies":[{"name":"wp","href":"https:\/\/api.w.org\/{rel}","templated":true}]}}