{"id":3536,"date":"2019-09-18T15:47:41","date_gmt":"2019-09-18T13:47:41","guid":{"rendered":"http:\/\/giglmaier.gsmb-consulting.com\/?page_id=3536"},"modified":"2020-07-07T00:29:56","modified_gmt":"2020-07-06T22:29:56","slug":"impressum","status":"publish","type":"page","link":"https:\/\/www.architektur-energie-ulm.de\/index.php\/impressum\/","title":{"rendered":"Impressum"},"content":{"rendered":"<p><span style=\"font-weight: 400;\">architektur : energie<\/span><\/p>\n<p><span style=\"font-weight: 400;\">Michael Giglmaier<\/span><\/p>\n<p><span style=\"font-weight: 400;\">Kasernstr. 52<\/span><\/p>\n<p><span style=\"font-weight: 400;\">89231 Neu-Ulm<\/span><\/p>\n<p><span style=\"font-weight: 400;\">\u00a0<\/span><\/p>\n<p><span style=\"font-weight: 400;\">Lautern 32<\/span><\/p>\n<p><span style=\"font-weight: 400;\">89134 Blaustein<\/span><\/p>\n<p><span style=\"font-weight: 400;\">\u00a0<\/span><\/p>\n<p><span style=\"font-weight: 400;\">Kontakt<\/span><\/p>\n<p><span style=\"font-weight: 400;\">Telefon: 0731.9775891<\/span><\/p>\n<p><span style=\"font-weight: 400;\">Telefax: 0731.9775893<\/span><\/p>\n<p><span style=\"font-weight: 400;\">E-Mail: kontakt(at)architektur-energie-ulm.de<\/span><\/p>\n<p><span style=\"font-weight: 400;\">\u00a0\u00a0<\/span><\/p>\n<p><span style=\"font-weight: 400;\">Berufsbezeichnung<\/span><\/p>\n<p><span style=\"font-weight: 400;\">Dipl. Ing. Architekt<\/span><\/p>\n<p><span style=\"font-weight: 400;\">Zust\u00e4ndige Kammer<\/span><\/p>\n<p><span style=\"font-weight: 400;\">Baden-W\u00fcrttemberg (BW 58834)<\/span><\/p>\n<p><span style=\"font-weight: 400;\">Verliehen durch<\/span><\/p>\n<p><span style=\"font-weight: 400;\">Architektenkammer Baden-W\u00fcrttemberg<\/span><\/p>\n<p><span style=\"font-weight: 400;\">Es gelten folgende berufsrechtliche Regelungen: Architektengesetz Baden-W\u00fcrttemberg und Berufsordnung.<\/span><\/p>\n<p><span style=\"font-weight: 400;\">Diese Regelungen sind einsehbar auf der Homepage der Architekenkammer unter: www.akbw.de\/download\/Architektengesetz.pdf<\/span><\/p>\n<p><span style=\"font-weight: 400;\">www.akbw.de\/download\/Brufsordnung.pdf<\/span><\/p>\n","protected":false},"excerpt":{"rendered":"<p>architektur : energie Michael Giglmaier Kasernstr. 52 89231 Neu-Ulm \u00a0 Lautern 32 89134 Blaustein \u00a0 Kontakt Telefon: 0731.9775891 Telefax: 0731.9775893 E-Mail: kontakt(at)architektur-energie-ulm.de \u00a0\u00a0 Berufsbezeichnung Dipl. Ing. Architekt Zust\u00e4ndige Kammer Baden-W\u00fcrttemberg (BW 58834) Verliehen durch Architektenkammer Baden-W\u00fcrttemberg Es gelten folgende berufsrechtliche Regelungen: Architektengesetz Baden-W\u00fcrttemberg und Berufsordnung. Diese Regelungen sind einsehbar auf der Homepage der Architekenkammer unter: [&hellip;]<\/p>\n","protected":false},"author":1,"featured_media":0,"parent":0,"menu_order":0,"comment_status":"closed","ping_status":"closed","template":"","meta":[],"_links":{"self":[{"href":"https:\/\/www.architektur-energie-ulm.de\/index.php\/wp-json\/wp\/v2\/pages\/3536"}],"collection":[{"href":"https:\/\/www.architektur-energie-ulm.de\/index.php\/wp-json\/wp\/v2\/pages"}],"about":[{"href":"https:\/\/www.architektur-energie-ulm.de\/index.php\/wp-json\/wp\/v2\/types\/page"}],"author":[{"embeddable":true,"href":"https:\/\/www.architektur-energie-ulm.de\/index.php\/wp-json\/wp\/v2\/users\/1"}],"replies":[{"embeddable":true,"href":"https:\/\/www.architektur-energie-ulm.de\/index.php\/wp-json\/wp\/v2\/comments?post=3536"}],"version-history":[{"count":3,"href":"https:\/\/www.architektur-energie-ulm.de\/index.php\/wp-json\/wp\/v2\/pages\/3536\/revisions"}],"predecessor-version":[{"id":3677,"href":"https:\/\/www.architektur-energie-ulm.de\/index.php\/wp-json\/wp\/v2\/pages\/3536\/revisions\/3677"}],"wp:attachment":[{"href":"https:\/\/www.architektur-energie-ulm.de\/index.php\/wp-json\/wp\/v2\/media?parent=3536"}],"curies":[{"name":"wp","href":"https:\/\/api.w.org\/{rel}","templated":true}]}}